z - 9671 = 0, -3*f + 211*z - 208*z + 7257 = 0. What are the prime factors of f?
2, 17, 71
Suppose -3*f - 3*o + 12 = 0, 2*f + 4 = 4*f + o. Suppose f = -9*m + 273 + 294. What are the prime factors of m?
3, 7
Let t = -18 + 22. Let x be (-2)/t + 18/12. List the prime factors of (-27)/(-3) + -1 + x.
3
Suppose 2*b = -3*b + 30. Let j = 4 + b. Suppose -j + 29 = k. List the prime factors of k.
19
Let i = 8 + -6. Let m(h) = 6 - h**i - 2 + h + 3*h**2. What are the prime factors of m(-3)?
19
Suppose 0 = 2*d + 5*p - 4190, 4*p - 10 = -26. What are the prime factors of d?
5, 421
Let v be (-14*(-6)/12)/(1 + -2). What are the prime factors of 532/10 + v/35?
53
Let m(u) = -u**2 + 8*u - 6. Suppose 0 = -b + 7. Suppose -b = -4*a + 13. List the prime factors of m(a).
3
Let g(w) be the first derivative of 5*w**3/3 + 4. What are the prime factors of g(-1)?
5
Suppose -324 = -5*a + 2*h + 2*h, 3*h = -2*a + 148. Let g = a - 60. What are the prime factors of g?
2
Let d(h) = h**2 - 13*h + 3. Suppose -2*v + 7*v + q - 67 = 0, -v + 3*q + 7 = 0. Let r be d(v). Suppose 6*m - r*m = 33. What are the prime factors of m?
11
Let z(j) = 7*j**2 - 16*j + 67. List the prime factors of z(8).
3, 43
Suppose 3*b + 15 = 0, n + 293 = -n - 3*b. Let h = n - -248. Let g = -75 + h. What are the prime factors of g?
2, 17
Suppose u + 3*m = 4*u - 5313, -2*u = -5*m - 3548. What are the prime factors of u?
29, 61
Suppose 4*m - 46 - 26 = -5*q, -26 = -2*q - 3*m. Let w = q - 24. Let h(d) = d**3 + 9*d**2 + 4*d - 10. What are the prime factors of h(w)?
2, 11
Suppose -2*v + 1 = -7. Suppose m + v*h - 93 = 0, 3*m - 3*h + 5*h - 329 = 0. List the prime factors of m.
113
Let q = -11 - -19. Let y = q - 3. List the prime factors of y.
5
Let m = 33 + -28. Suppose 0 = -m*p, -6*p + 2*p + 63 = 3*t. What are the prime factors of t?
3, 7
Let z(o) = 3*o**3 - 5*o**2 + 5*o - 3. Let m be z(2). Let l(v) = 4*v + 6. List the prime factors of l(m).
2, 5
Let f be -1 + -2 - (-5 - 0). Let u = -13 + 15. Suppose -f*y = w + 3*y - 72, u*w - y = 111. List the prime factors of w.
3, 19
Let g(u) = 24*u + 7. Let p be g(6). Suppose -p = -5*i + 139. Suppose -3*j - 2*q - 43 = -113, -5*q = 3*j - i. What are the prime factors of j?
2, 13
Let k = -45 + 199. Suppose -v = 4*m + v - k, 2*m - 71 = -3*v. What are the prime factors of m?
2, 5
Let j(p) = -p**2 + 23*p + 24. Let y = 100 - 78. What are the prime factors of j(y)?
2, 23
Let w = -500 + 712. Suppose -4*j = -8*j + w. List the prime factors of (-7)/(-21) - j/(-3).
2, 3
Let o = -40 - -42. Suppose 5*t + 67 = k, 0 = k - o*k - 4*t + 40. List the prime factors of k.
2, 13
Suppose g - 4*s - 16 = 0, 5*g - 25 = g + 3*s. Suppose 2*c - i = 215 - 61, g*c = 5*i + 308. List the prime factors of c.
7, 11
Let b(k) = 378*k + 24. What are the prime factors of b(3)?
2, 3, 193
Let s(q) = 4*q**2 - 16*q + 1. Let m(o) = -o**2 + o + 1. Let n(r) = 5*m(r) + s(r). Suppose -4*h - 5*h = 90. What are the prime factors of n(h)?
2
Suppose -6*v + 71 = -2161. List the prime factors of v.
2, 3, 31
List the prime factors of 7 - (30/(-20) + 5793/(-2)).
5, 7, 83
Suppose -5*z = 5*f - 960, z - 183 = -13*f + 15*f. List the prime factors of z.
3, 7
Let u be (-15)/(-5)*4/3. Suppose -5*z = u*z - 1503. Let c = z + -107. List the prime factors of c.
2, 3, 5
Let m be (-3)/(-2*(-3)/28). Let v = 4 + m. Let s(z) = -z**2 - 14*z + 10. List the prime factors of s(v).
2, 5
Suppose -5*m = 2*v - 33, m - 6*v + 11 = -2*v. Suppose 3*b = -b + l + 10, l = -b + m. What are the prime factors of b?
3
Let g(m) = -390*m**3 - m**2 - 2*m - 1. What are the prime factors of g(-1)?
2, 3, 5, 13
Let k = 70 - 103. List the prime factors of k*(-3)/(-27)*-3.
11
Suppose 3*t - 2*u - 4 = -3*u, 5*t + u - 10 = 0. Suppose t*j - 225 = -3*y, -2*y + 186 = -4*j + 456. What are the prime factors of j?
2, 5, 7
Let q be 8/12*273 + -2. Suppose -4*t - q = 4*z, 4*z + t = -0*t - 183. Let i = 69 + z. What are the prime factors of i?
23
Let u = 5 + 0. Suppose u*r + d = 460, -3*r = r + d - 369. Let n = r + -54. List the prime factors of n.
37
Suppose 27*d - 128 = 25*d. What are the prime factors of d?
2
Let t be 2/(-3) - (-80)/30. Suppose 12 = 2*w + t*w. Suppose 21 = -w*n + 6*n. What are the prime factors of n?
7
Suppose 44 = -119*y + 123*y. Suppose -6*t - 255 = -y*t. List the prime factors of t.
3, 17
List the prime factors of (-55150)/(-26) - 2/13*1.
3, 7, 101
Suppose 2*w - 3*w + 4 = 2*q, 5*w - 20 = 3*q. Let t be ((-1)/(-2))/((-4)/(-880)). Suppose q*r + 60 = 2*r + 3*m, -m + t = 4*r. What are the prime factors of r?
3
Let b = -607 - -1499. List the prime factors of b.
2, 223
What are the prime factors of 825/(40/8) - 7?
2, 79
Suppose -q = 0, 23*q - 21*q = -c + 720. What are the prime factors of c?
2, 3, 5
What are the prime factors of (10/(-15))/((-14)/19803)?
23, 41
Suppose 6 = 3*j - j, 2*s + 2*j + 30 = 0. What are the prime factors of s*(4 - 30/4)?
3, 7
Let a(c) = -5*c + 7. Let r be a(4). Let m(d) = d + 17. Let y be m(r). Suppose 4*s + 51 = y*u - 17, u = -s + 27. List the prime factors of u.
2, 11
Let y(v) = v**2 - v - 9. Let a(s) = s**2 - 10. Let r(n) = 4*a(n) - 5*y(n). Let z be r(5). Suppose i = 5, 5*b + z*i - 45 = 4*b. List the prime factors of b.
2, 5
Suppose 38*t = 40*t - 2. What are the prime factors of t/3 + (-519)/(-9)?
2, 29
Let u = -48 + 34. Let n(j) = -j**3 - 13*j**2 + 12*j + 9. List the prime factors of n(u).
37
Let j be 2/((-4)/(-6)) + 3. Let u = j - -118. What are the prime factors of u?
2, 31
Let p = 4 + 9. Let z = p - -13. What are the prime factors of (30/(-20))/((-3)/z)?
13
Let y be (52/16)/((-2)/(-16)). Let v be 9/(-3) - (1 - -14). Let b = v + y. List the prime factors of b.
2
What are the prime factors of -2 - (7 - 559 - 7)?
557
Let n = -196 - -222. Suppose 3*r + 5*z = -1 + 12, 4*z = 2*r. Suppose r = 2*i - n. What are the prime factors of i?
2, 7
Let c = 4152 - 2004. What are the prime factors of c?
2, 3, 179
Let h(j) = -11*j + 2. Let i be h(-7). Suppose -5*m = -i + 29. Let d = m - 4. What are the prime factors of d?
2, 3
Let z(r) = 0 - 5*r + 4 - 3 + 1. List the prime factors of z(-4).
2, 11
List the prime factors of 1/3*5790/(-8 - -18).
193
Let r(w) = -w + 4. Let s be r(3). Suppose j + 0*j = s. Let t(g) = 30*g + 1. What are the prime factors of t(j)?
31
Suppose 5*y + 21 = 2*c, -4*c + 7*c + y + 11 = 0. Let s(n) = -n - 1. Let l be s(c). What are the prime factors of l + (-2 - -13) + -2?
2, 5
Suppose 4*x - 12 = 0, -3*x = -4*v + x + 4656. List the prime factors of v.
3, 389
List the prime factors of (-1)/2 - 2317/(-14).
3, 5, 11
List the prime factors of (-5634)/(-9) + -6*2/4.
7, 89
Suppose 9*f - 30 = 4*f. Let q be (40/(-12))/(f/(-9)). Suppose 3*y = q*x + 41, 4*y - 22 = x + 10. List the prime factors of y.
7
Suppose -a - 120 = -7*a. What are the prime factors of (-2)/(-10) + 636/a?
2
Let o(a) = -a**3 + 10*a**2 + 9*a - 13. Suppose 0 = y + 3, 6*y = -4*x + y + 25. What are the prime factors of o(x)?
7, 11
Let h be 12/8*2*-137. Let j = 575 + h. Suppose q = 5*q - j. What are the prime factors of q?
41
Let t = 2637 - 1201. List the prime factors of t.
2, 359
Let q(r) = r + 61. Let s(w) = -w**3 + 9*w**2 - 9*w + 8. Let m be s(8). Let h be q(m). Let g = h + -36. What are the prime factors of g?
5
Let m = 961 + 85. What are the prime factors of m?
2, 523
Suppose 4*c = f + 12, -2*c - 5*f + 10 = 4. Suppose c*t - 18 = -6. List the prime factors of t - 3 - -1 - -12.
2, 7
Suppose 17*x - 476 = 13*x. Suppose 2*q = 3*m - x, m - 3*q = 5*m - 153. What are the prime factors of m?
3, 13
Let i(c) = c**2 + 10*c + 19. Let w be i(-9). Suppose 77 = w*r + r. List the prime factors of r.
7
Let r be -6*(-45)/12*8/(-20). What are the prime factors of 3032/36 + 2/r?
2, 3, 7
Let i(f) = -12*f - 216. What are the prime factors of i(-24)?
2, 3
Suppose 8*o = 6*o + 4. Let l be o/(7/((-21)/(-2))). Suppose -l*a + 4*a - 37 = 0. What are the prime factors of a?
37
List the prime factors of (-5 - (-155)/25)/(24/42560).
2, 7, 19
What are the prime factors of 4 + (-4 - 56/(-12))*393?
2, 7, 19
Suppose -g - 141 = -2*g. Suppose 9*k - 156 - g = 0. List the prime factors of k.
3, 11
Let n be ((-104)/16 + 8)/((-6)/1576). Let z = n + 589. What are the prime factors of z?
3, 5, 13
Let d be 0*-3*2/36*3. What are the prime factors of (d + -147)*(-2)/2?
3, 7
Let v be (-138)/(-42) + (-4)/14. Suppose -5*s - 3925 = -4*p